se -223*t + 220*t = 6. What are the prime factors of (k + 4 + t)/(3/(-3))?
173
Let t(f) = -3 + 9 - 3*f - 2 - 4*f**2. Let n be t(6). Let l = n - -252. List the prime factors of l.
2, 47
Let f be 3 + 26 - (13 - 12). Suppose 0 = -f*i - 7*i + 6300. List the prime factors of i.
2, 3, 5
Suppose -22*w + 20*w = -78. Suppose 33511 = w*n - 16*n. List the prime factors of n.
31, 47
Suppose 0*m + 1010 = m + 5*l, 0 = -l. Let t = m + -174. What are the prime factors of t?
2, 11, 19
Suppose 18*o = 9828 + 7524. Suppose -v - 2366 = -5*i, -2*i - 10*v + 6*v = -o. What are the prime factors of i?
2, 3, 79
Suppose 0 = -3*k - 4*v + 21650, -300*v + 14452 = 2*k - 302*v. List the prime factors of k.
2, 23, 157
Let x(l) = 20*l - 71. Let d be (-12 - (5 - 11)) + 26. List the prime factors of x(d).
7, 47
Suppose 0*d + 2*d - 10 = 0, 2*j = -4*d + 14. Let v be (j/(-3) - 1)/1. Suppose v = -4*i - 2*s + 196, 5*i - 3*s - 187 = 58. What are the prime factors of i?
7
Let o(u) = -2*u**3 - 98*u**2 - 18*u - 204. What are the prime factors of o(-51)?
2, 3, 17, 109
Suppose d - 22*d - 8*d + 715488 = 0. List the prime factors of d.
2, 3, 257
List the prime factors of ((-596)/(-12) + (-1)/(-3))*(-3538)/(-4).
5, 29, 61
Let m = 7446 - 3210. List the prime factors of m.
2, 3, 353
Suppose -18*o - 62375 = 7*o. Let p = o - -4095. List the prime factors of p.
2, 5
Let d = -120 + -100. Let r = d + 664. What are the prime factors of r?
2, 3, 37
Let z(h) = 319*h**3 - h**2 + 2*h - 1. Let i be z(1). Let u = 75 - 72. Suppose u*y = 263 + i. List the prime factors of y.
2, 97
Let i be 2/((-4)/(-26))*-1. Suppose 82*l + 221 = 95*l. Let z = l - i. What are the prime factors of z?
2, 3, 5
Let v be (1 - -4 - -10) + 2/2. List the prime factors of -30*(28/(-63) + v/(-18)).
2, 5
Let d = -5546 + 10784. What are the prime factors of d?
2, 3, 97
Let h(a) = 6*a - 4. Let o be h(1). Suppose -o*q = -0*q. Suppose 2*r + 0*r = 4*i - 386, -4*i - 2*r + 382 = q. What are the prime factors of i?
2, 3
Let z be ((-28)/12 + 3)*-267. Let y = z - -679. What are the prime factors of y?
3, 167
Let y(n) = -39*n**3 + 5*n**2 + 3. Let b be y(-3). Let j = b + -421. What are the prime factors of j?
2, 5, 17
Suppose 3*j - 11 = 2*h - 4*h, 17 = 5*j + 2*h. Suppose j*i - 7 = 17. Suppose i*d = 20*d - 600. List the prime factors of d.
2, 5
Suppose 5*z = 2*l - 65377, 16348 = 2*l - 3*z - 49035. List the prime factors of l.
2, 61, 67
Suppose -42 = -15*n + n. List the prime factors of 0/(-1 - 3) + n - -4.
7
List the prime factors of ((-35)/(-84))/(10/90)*41772/9.
5, 59
Suppose -2*b = 2*h - 0*h - 32252, -16144 = -h + 5*b. What are the prime factors of h?
127
Suppose 2*s = 6*f - 172966, s = -3*f + 49305 + 37174. List the prime factors of f.
3, 3203
Let n(m) be the third derivative of m**5/60 + 5*m**4/24 + 2*m**3/3 - 17*m**2. Let j be n(11). Suppose 8*d - j = 3*d. List the prime factors of d.
2, 3
Suppose 0 = 2*y - f - 22991, -2*y - 29*f + 22986 = -25*f. What are the prime factors of y?
5, 11, 19
What are the prime factors of 18572 + (-17)/(289/306)?
2, 9277
Suppose 4*m - z = 32706, m - 5*z - 6220 = 1928. What are the prime factors of m?
2, 3, 29, 47
Let v be 32/7 - 24/(-56). Suppose -v*p - 2*d = -0*d + 1181, 0 = -p + 5*d - 220. Let a = 415 + p. What are the prime factors of a?
2, 3, 5
Suppose -3*z + 22119 = -5*q, -2*q = 4*z - 7337 - 22207. What are the prime factors of z?
3, 23, 107
Let r = 83 - 91. Let y be (-2)/r + 7868/16. Suppose 5*z - 591 = p, -p + 5*p - y = -4*z. List the prime factors of z.
7, 17
Suppose 2*z = 2*t + t + 10, -5*z = -3*t - 16. Suppose 3*s = 12, 0 = 2*w - 4*w + z*s + 1968. Suppose -w = -7*p - 6*p. List the prime factors of p.
2, 19
Suppose i = -6*i + 49. Suppose 16*q - 10787 = -i*q. List the prime factors of q.
7, 67
Let g(j) = -j**2 - 9*j - 29. Let i be g(-11). Let f = i + 126. Suppose -d + 18 = -f. What are the prime factors of d?
3, 31
Suppose -p = -3*p - 4. Let o be (-6)/((-5)/95*p). List the prime factors of 3/6 + o/(-2).
29
List the prime factors of 15/(-6)*29010/(-25).
3, 967
Suppose -3*j = t - 22, -2*t = -4*j + 26 + 10. Let g be (-27)/18*j/(-6). Suppose 0 = -r + g*r + 2*q - 31, 0 = -4*r + 4*q + 88. What are the prime factors of r?
5
Let y(z) = z**3 + 11*z**2 - 10*z - 41. Let v be y(-11). List the prime factors of (-12)/(((-78)/104)/(v/2)).
2, 3, 23
Suppose 0 = -4*s + 4, -y - s - 71 = -4*y. List the prime factors of y*(-124)/(-8)*(-4)/(-8).
2, 3, 31
Let t(f) = -2*f**2 - 6*f + 4. Let g be t(-3). Suppose -5*i + 1179 = g*n - 447, -n = -i - 402. What are the prime factors of n?
2, 101
Let c(f) be the second derivative of 43*f**2 + 1/6*f**4 - 1/2*f**3 - 1/20*f**5 + 25*f + 0. What are the prime factors of c(0)?
2, 43
Let o = 1040 + -1652. Let v = o - -1089. What are the prime factors of v?
3, 53
Let g(j) = -26*j + 134. Let u be g(-20). Let o = -439 + u. List the prime factors of o.
5, 43
Suppose 24 = 6*o - 2*o. Suppose o*f - f = 1470. Suppose p - 129 = -p + 5*d, -2*d + f = 4*p. List the prime factors of p.
2, 3
Suppose 0 = -3*r - 6*t + 8*t + 1271, -3*t = -r + 433. Suppose -125*g + 124*g = -r. What are the prime factors of g?
421
Suppose 17*i - 52*i + 176750 = 0. List the prime factors of i.
2, 5, 101
List the prime factors of ((4960 + 5)/15)/(1/11).
11, 331
Suppose 30699 - 41405 = -9*i + 82669. List the prime factors of i.
5, 83
Suppose 47*s - 174200 - 158821 = 8*s. What are the prime factors of s?
8539
Let t(s) be the third derivative of 1/6*s**5 - 2/3*s**3 - 3/8*s**4 + 0*s + 8*s**2 + 0 - 1/120*s**6. List the prime factors of t(7).
2, 5
Let s = 31062 - -10012. List the prime factors of s.
2, 11, 1867
Let s = 17103 + -7083. List the prime factors of s.
2, 3, 5, 167
Let y = -8939 - -34803. What are the prime factors of y?
2, 53, 61
Let f = 120642 + -70650. List the prime factors of f.
2, 3, 2083
Suppose 2733 = 4*p - 3*l, 2*p + 2*l - 360 - 1010 = 0. Suppose -3*j + p = -225. Suppose 107 = 5*s - j. What are the prime factors of s?
2, 41
Suppose 0 = -24*n + 5*n - 14068 + 801352. List the prime factors of n.
2, 3, 1151
Suppose -18 = -o - o. Suppose -4*r + 0*r = -5*i + 12, -4*i = 3*r + o. Suppose i = s + 7 - 19. What are the prime factors of s?
2, 3
Suppose t + 230 = 2*n + 3*t, -585 = -5*n + 5*t. Let y = 124 - n. Suppose 3*l - y*l = 4*z - 317, -5*z = 3*l - 406. List the prime factors of z.
83
Let j(v) = -3*v + 1. Let b be j(-1). Let z = -3688 - -3690. Suppose 5*m - 165 = -z*x, b*m + 12*x = 9*x + 125. What are the prime factors of m?
5, 7
Let j(q) = 105*q**2 + 14*q + 154. List the prime factors of j(-10).
2, 7, 751
Let h be ((-2)/(-3))/((-7)/42). Let s(g) = -34*g - 20. Let x be s(h). Suppose x + 54 = 3*z + 5*b, 3*b = 4*z - 246. List the prime factors of z.
2, 3, 5
Let l(p) = 148*p + 68. Suppose 32 = 5*f + 3*h - 19, -f - 5*h - 3 = 0. List the prime factors of l(f).
2, 461
Suppose 35 = 5*t + 2*f, 4*f + 30 = t + 9*f. Suppose t*m + 4*c = 212, m + 3*c + 13 - 62 = 0. Suppose 65 = 3*n - m. List the prime factors of n.
5, 7
Suppose 10*s + 39042 = 2*g, -58628 = -3*g - 0*s + 2*s. List the prime factors of g.
2, 29, 337
List the prime factors of 6/(-30) - (-23)/40 - (-45847225)/1640.
2, 29, 241
Let h = 61 + -51. Suppose f = 2*g - 1, -3*f - f = -g - h. Suppose g*c = -2*c + 228. List the prime factors of c.
3, 19
Let i(y) = y + 21. Let s be i(-15). Let u = s - 7. List the prime factors of u*2 + -3*(-52)/12.
11
Suppose 7*j - 31 + 3 = 0. Suppose z = 2*z + 4*k - 469, j*k + 950 = 2*z. Let a = z - 329. What are the prime factors of a?
2, 3
Suppose 862 + 883 = 5*f. Let s(z) = 104*z + 37. Let d be s(5). Let l = d - f. What are the prime factors of l?
2, 13
Let j(o) = 1128*o - 8. Let a be j(9). Suppose 410*g - a = 402*g. What are the prime factors of g?
2, 317
Suppose 0 = 16*a - 7*a - 324. Let w = 698 + a. List the prime factors of w.
2, 367
Let z(g) = g**3 - 16*g**2 + g - 35. List the prime factors of z(26).
43, 157
Let w(v) = 188*v**3 - v**2 - 3*v - 9. What are the prime factors of w(4)?
5, 2399
Let b = 22853 + 20119. List the prime factors of b.
2, 3, 3581
Suppose 17210 = 4*k - 5*j, -5*k - 13729 + 35262 = 4*j. What are the prime factors of k?
3, 5, 7, 41
Let j = -47467 - -82447. What are the prime factors of j?
2, 3, 5, 11, 53
Let v(w) = 21*w**3 - 2*w**2 + 111*w - 105. What are the prime factors of v(6)?
3, 5, 67
What are the prime factors of (-110 